e the remainder when 747 is divided by 185.
7
What is the remainder when 7541 is divided by 2497?
50
What is the remainder when 126651 is divided by 362?
313
Calculate the remainder when 53504 is divided by 179.
162
What is the remainder when 112924 is divided by 12541?
55
Calculate the remainder when 57557 is divided by 19159.
80
What is the remainder when 16347 is divided by 106?
23
What is the remainder when 19320 is divided by 39?
15
What is the remainder when 2889 is divided by 373?
278
Calculate the remainder when 6526 is divided by 12.
10
What is the remainder when 148332 is divided by 302?
50
Calculate the remainder when 55639 is divided by 107.
106
What is the remainder when 2128 is divided by 59?
4
Calculate the remainder when 48799 is divided by 16254.
37
What is the remainder when 40600 is divided by 8086?
170
What is the remainder when 226937 is divided by 129?
26
Calculate the remainder when 1108052 is divided by 27.
26
What is the remainder when 3455 is divided by 233?
193
Calculate the remainder when 122018 is divided by 155.
33
Calculate the remainder when 16581 is divided by 43.
26
What is the remainder when 28430 is divided by 1529?
908
Calculate the remainder when 926267 is divided by 20.
7
Calculate the remainder when 2796 is divided by 1333.
130
What is the remainder when 163207 is divided by 163197?
10
What is the remainder when 5880 is divided by 5877?
3
What is the remainder when 82360 is divided by 57?
52
Calculate the remainder when 185106 is divided by 185098.
8
Calculate the remainder when 1637 is divided by 138.
119
Calculate the remainder when 9677 is divided by 46.
17
Calculate the remainder when 127259 is divided by 81.
8
What is the remainder when 3094 is divided by 63?
7
What is the remainder when 203 is divided by 12?
11
Calculate the remainder when 19966 is divided by 270.
256
Calculate the remainder when 38720 is divided by 331.
324
What is the remainder when 6368 is divided by 15?
8
Calculate the remainder when 144198 is divided by 700.
698
Calculate the remainder when 7764 is divided by 3876.
12
What is the remainder when 14481102 is divided by 88?
86
Calculate the remainder when 33214 is divided by 35.
34
What is the remainder when 17336 is divided by 12?
8
Calculate the remainder when 2957 is divided by 2443.
514
Calculate the remainder when 1176 is divided by 417.
342
What is the remainder when 4434 is divided by 1456?
66
Calculate the remainder when 1988728 is divided by 2326.
2324
What is the remainder when 1061 is divided by 352?
5
Calculate the remainder when 729 is divided by 191.
156
Calculate the remainder when 67963 is divided by 22649.
16
Calculate the remainder when 46987 is divided by 185.
182
What is the remainder when 48422 is divided by 234?
218
Calculate the remainder when 19587 is divided by 15.
12
What is the remainder when 2946 is divided by 510?
396
Calculate the remainder when 13224 is divided by 778.
776
What is the remainder when 10230 is divided by 1033?
933
Calculate the remainder when 7322 is divided by 1824.
26
What is the remainder when 103403 is divided by 755?
723
What is the remainder when 124380 is divided by 423?
18
Calculate the remainder when 22905 is divided by 64.
57
Calculate the remainder when 9744 is divided by 696.
0
What is the remainder when 438 is divided by 143?
9
Calculate the remainder when 78473 is divided by 39231.
11
Calculate the remainder when 3648 is divided by 576.
192
What is the remainder when 299267 is divided by 36?
35
What is the remainder when 1097320 is divided by 225?
220
What is the remainder when 27002 is divided by 13495?
12
Calculate the remainder when 31018 is divided by 22.
20
What is the remainder when 24471 is divided by 109?
55
Calculate the remainder when 1358 is divided by 1299.
59
Calculate the remainder when 177210 is divided by 291.
282
What is the remainder when 60474 is divided by 720?
714
What is the remainder when 8452 is divided by 4213?
26
Calculate the remainder when 2178 is divided by 2021.
157
Calculate the remainder when 42689 is divided by 49.
10
Calculate the remainder when 26513 is divided by 1362.
635
What is the remainder when 2561 is divided by 1252?
57
What is the remainder when 7814141 is divided by 832?
829
What is the remainder when 46443 is divided by 50?
43
What is the remainder when 14205 is divided by 174?
111
What is the remainder when 265830 is divided by 29?
16
What is the remainder when 2453 is divided by 6?
5
Calculate the remainder when 720 is divided by 356.
8
What is the remainder when 18389 is divided by 18365?
24
What is the remainder when 10018 is divided by 30?
28
What is the remainder when 5739 is divided by 133?
20
Calculate the remainder when 990034 is divided by 53.
47
Calculate the remainder when 3782 is divided by 383.
335
What is the remainder when 1361722 is divided by 86?
84
What is the remainder when 5325 is divided by 2051?
1223
Calculate the remainder when 1377879 is divided by 380.
379
What is the remainder when 9038 is divided by 69?
68
What is the remainder when 44232 is divided by 17?
15
Calculate the remainder when 35587 is divided by 273.
97
What is the remainder when 211543 is divided by 235?
43
What is the remainder when 2279222 is divided by 569805?
2
Calculate the remainder when 4371 is divided by 1286.
513
What is the remainder when 2337 is divided by 1144?
49
What is the remainder when 154592 is divided by 25765?
2
Calculate the remainder when 14659 is divided by 248.
27
Calculate the remainder when 17540 is divided by 84.
68
What is the remainder when 251515 is divided by 20?
15
Calculate the remainder when 634 is divided by 484.
150
What is the remainder when 25312 is divided by 6328?
0
Calculate the remainder when 668 is divided by 12.
8
Calculate the remainder when 33178 is divided by 26.
2
Calculate the remainder when 218830 is divided by 3082.
8
What is the remainder when 195328 is divided by 102?
100
What is the remainder when 4323 is divided by 140?
123
What is the remainder when 1317 is divided by 14?
1
Calculate the remainder when 15175 is divided by 146.
137
Calculate the remainder when 1644447 is divided by 11.
2
Calculate the remainder when 53324 is divided by 135.
134
What is the remainder when 43599 is divided by 227?
15
Calculate the remainder when 1320 is divided by 264.
0
What is the remainder when 410904 is divided by 17?
14
Calculate the remainder when 324446 is divided by 475.
21
Calculate the remainder when 68399 is divided by 570.
569
What is the remainder when 8490 is divided by 58?
22
Calculate the remainder when 4388 is divided by 274.
4
Calculate the remainder when 115019 is divided by 585.
359
Calculate the remainder when 1859 is divided by 1767.
92
What is the remainder when 2053 is divided by 112?
37
What is the remainder when 2181154 is divided by 727049?
7
Calculate the remainder when 7820 is divided by 459.
17
Calculate the remainder when 3480986 is divided by 62.
58
Calculate the remainder when 6947 is divided by 866.
19
What is the remainder when 3261 is divided by 247?
50
What is the remainder when 1871792 is divided by 803?
802
What is the remainder when 274348 is divided by 295?
293
Calculate the remainder when 19494 is divided by 847.
13
Calculate the remainder when 107127 is divided by 36.
27
What is the remainder when 354 is divided by 184?
170
What is the remainder when 25272 is divided by 1944?
0
What is the remainder when 27426 is divided by 13696?
34
What is the remainder when 165806 is divided by 724?
10
Calculate the remainder when 3432 is divided by 86.
78
Calculate the remainder when 15982 is divided by 7985.
12
Calculate the remainder when 9984 is divided by 278.
254
What is the remainder when 399979 is divided by 15383?
21
What is the remainder when 384187 is divided by 50?
37
What is the remainder when 215001 is divided by 779?
776
What is the remainder when 3618 is divided by 77?
76
Calculate the remainder when 165 is divided by 32.
5
What is the remainder when 42817 is divided by 3293?
8
Calculate the remainder when 111619 is divided by 67.
64
Calculate the remainder when 449210 is divided by 3537.
11
What is the remainder when 2503 is divided by 756?
235
What is the remainder when 255753 is divided by 27?
9
Ca